pose -4*l + 0*b = 4*b + 4, 5*b = 2*l - 26. Suppose 8*c - l*c = 0. Let t(m) = m + 3. What is the units digit of t(c)?
3
Let c(z) = z**3 + 7*z**2 + 6*z + 5. What is the units digit of c(-6)?
5
Let j be (-1)/(27/(-30) + 1). Suppose -34 = -4*h - 298. What is the units digit of h/j - (-9)/(-15)?
6
Let a be 4/14 + 18/(-63). Suppose 5*b - 116 - 49 = a. What is the units digit of b?
3
Let c(i) = -5*i - 11. Let f be 4/(-14) + 61/(-7). What is the tens digit of c(f)?
3
Let o = -1 - -6. Suppose -o*h = -10*h + 25. Let x = h + -3. What is the units digit of x?
2
Let v(g) = -g**3 + 6*g**2 + 4*g + 3. What is the tens digit of v(6)?
2
What is the units digit of (-10)/(-35)*-1 - (-9)/7?
1
Let g(y) = -y**3 + 10*y**2 - 9*y + 5. Let r be (6/(-5))/(-2)*15. What is the units digit of g(r)?
5
Let w = -36 + 58. Suppose -4*s + s + 12 = 0. Suppose l = -s + w. What is the tens digit of l?
1
Suppose 0 = -3*z - 182 + 752. What is the tens digit of z?
9
Suppose -k = 3*k. Let c be ((-8)/(-6))/((-32)/(-48)). Suppose 5*h - 2*v - c*v + 10 = k, -3*h = -v - 1. What is the units digit of h?
2
Let j(g) = g**2 + g. Let w be j(-1). Suppose w = x - 3. Suppose -4 = -x*k + 23. What is the units digit of k?
9
Let l(q) = 12*q**2 + q - 1. Let v be l(-2). Let w = v - 25. What is the tens digit of w?
2
Let x(k) = -11 + 16 + 2*k**2 - k**2 + k. What is the units digit of x(5)?
5
Let k = 21 + 117. What is the units digit of k?
8
What is the tens digit of ((-25)/(-10))/(-5) + (-431)/(-2)?
1
Suppose 4*w = 3*w + 64. What is the units digit of w?
4
Let h = -3 - -6. Suppose 0 = -h*w - 3*j - 70 + 193, 2*w = 3*j + 62. What is the units digit of w?
7
What is the tens digit of 1 + (-4)/((-12)/9)*53?
6
Let m(v) = -2*v - 10. What is the units digit of m(-6)?
2
Suppose 0 = -4*p - 4*m + 372, 0*p - 5*m = -2*p + 151. What is the units digit of p?
8
Let y be 10/(-5)*(-3)/2. Suppose -3*a + y = -39. What is the tens digit of a?
1
Let u(n) = -3*n. Let l be (12/(-9))/((-2)/6). Suppose 0*j = j + 3*p + l, p = j. What is the units digit of u(j)?
3
Suppose -5*o - 2*k - 10 = -39, 4*o - 4*k = 12. Suppose 6*y - 37 = o*y. What is the units digit of y?
7
Let j be 1*8/(-12)*3. Let i = 15 + j. What is the units digit of i?
3
Suppose -3*q + 0*v = 4*v + 129, -3*v - 179 = 4*q. Let l = -26 - q. Suppose -7 - l = -4*n. What is the units digit of n?
7
Let w(r) be the second derivative of r**4/3 - r**2 - 3*r. What is the tens digit of w(2)?
1
Let m = 7 - -3. Let o = 3 + -2. What is the tens digit of m/((-1)/3 + o)?
1
Suppose -12 = -0*w + 3*w. What is the units digit of 4/(-1*(3 + w))?
4
Let b be 3*((-26)/3 - -1). Let t = 35 + b. What is the tens digit of t?
1
Suppose -2*g + 4*i = -5*g - 64, 0 = -g - 2*i - 18. Let d be (2/(-1) + 6)/2. What is the units digit of 5/d*g/(-10)?
7
Suppose -2*f - 5*q + 148 = -3*q, -5*f = -3*q - 370. What is the units digit of f?
4
Suppose 21 + 5 = 5*m + t, 4*t = -3*m + 19. Let v = 7 - m. Suppose v*o - 20 = -4*f + 6*o, 2*o + 20 = 4*f. What is the units digit of f?
5
Suppose 4*x + 26 = 182. What is the units digit of x?
9
Let k = -1 - -4. Suppose h + 2 = 5*u, -k*h + 4*h - 2 = u. Suppose -31 = -4*t - h. What is the units digit of t?
7
Let u = -136 + 200. Suppose -5*d = h + h + 10, h + 5 = -4*d. Suppose 4*c + 6*g - 2*g - u = 0, d = c - g - 10. What is the units digit of c?
3
Let u(s) = s**2 + 4*s - 5. Let v be u(-5). Suppose -28 = -v*t - 4*t. What is the units digit of t?
7
Suppose -3*p = -0*p + 4*a - 130, 3*a = 2*p - 115. What is the units digit of p?
0
Let s = -137 - -486. What is the tens digit of s?
4
What is the tens digit of -1*45/(-3) - 3?
1
Suppose -2*r - 4 = -3*r. Let o = r - 5. Let s = 0 - o. What is the units digit of s?
1
Let d = 78 + -31. What is the tens digit of d?
4
Let b = -15 - -19. Let z = 1 + 2. Suppose -5*g - 40 = -z*w, -b*g + 49 = w + 2*w. What is the units digit of w?
5
Let n(a) = -a**3 - 8*a**2 + 6*a + 3. Let d be n(-9). Suppose -s - d = -3*m + 66, 139 = 4*m - 5*s. What is the tens digit of m?
3
Let u(x) = 109*x. Let z be u(2). Let s = z - 147. Suppose 3*f + 4*g - s = 0, -5*f - g + 56 + 34 = 0. What is the units digit of f?
7
Let o(p) = p**3 - 7*p**2 + 4*p. Let k be o(8). What is the units digit of (k/10)/((-1)/(-5))?
8
Let a be 32/1 - (1 - 0). Suppose -25 = -3*w - 5*p, -2*p - p + a = 5*w. What is the units digit of w?
5
Let v(c) be the first derivative of c**4/4 - 3*c**3 + 4*c**2 + 10*c - 1. Let h be v(8). What is the units digit of 35/14*8/h?
2
Suppose 4*u - 2 = 22. Suppose 0 = -5*p + 2*p + u. Suppose -p*b = b - 45. What is the units digit of b?
5
Let d(j) = j**2 + j + 5. Let m be d(0). Let b = m + -4. What is the units digit of (3/(-9))/(b/(-21))?
7
Let f(c) = c**2 + 2*c + 10*c**3 - 11*c**3 - 5*c**2 - 5 - 7*c. What is the units digit of f(-5)?
5
Let o(m) = 25*m**2 + 11*m + 6. What is the tens digit of o(-3)?
9
What is the units digit of -1*3 - (-235 - 1/1)?
3
Let u be (-6)/15 + (-306)/10. Let i(w) = 2*w - 3. Let f be i(2). What is the tens digit of u/(-3) - f/3?
1
Suppose -q = -3*q - 4*g + 70, 0 = 3*q - 5*g - 72. What is the units digit of q?
9
Let g = -591 - -291. What is the units digit of g/(-21) + 2/(-7)?
4
Suppose 5*n - 123 = -0*p - 4*p, 2*n + 10 = 0. What is the units digit of p?
7
Let j(r) be the second derivative of 1/6*r**3 + 1/2*r**2 + 0 - 4*r. What is the units digit of j(3)?
4
Suppose 4*q + 10 = -2*k, 4*k + q + 23 = -11. What is the units digit of (-2)/1*(k - 8)?
4
Suppose -1 - 2 = -b. Suppose 26 = 2*k - 0*k + t, -b*k - t = -37. Let v = -3 + k. What is the units digit of v?
8
Let n(k) = 4*k**2 - 4*k - 3. Suppose 5*d + 13 = 3. Let c be n(d). What is the units digit of 94/14 - (-6)/c?
7
Let q = 23 + -22. What is the tens digit of 1683/44 + q/(-4)?
3
Let q(d) = d. Let w(a) = 5*a + 2. Let h(t) = 6*q(t) - w(t). Let i be h(4). Suppose -5*l = -4*p - 1, l + 5*p = 4 + i. What is the units digit of l?
1
Suppose b + 18 = 4*b - 3*u, 5*u + 26 = 3*b. Suppose -1 + 17 = 2*q + 4*s, -b*s + 14 = 4*q. Suppose -q*w + 8 = -2*y, -w = y - 6*y. What is the units digit of y?
1
Let c(o) = -o**3 - 2*o - 3 + 0 - 5*o**2 - 2. Let y be c(-5). Suppose -i + y = -0. What is the units digit of i?
5
Suppose 0 = 4*r + r - 10. Let i(q) = 5*q - 6*q**r - 14*q + 5*q**2 - 8. What is the units digit of i(-7)?
6
Let t = -4 + 0. What is the units digit of (-3 + 1)/(t/16)?
8
Suppose -5*k + 113 = 2*x, -k - 5*x - 85 = -6*k. What is the tens digit of k?
2
Suppose -29 = -5*m + 41. What is the units digit of m?
4
Let v = -1 + 15. What is the tens digit of (v/4)/(4/48)?
4
Let m(g) = 16*g - 2*g - 4*g - 5 + 0. Let b be m(4). What is the units digit of 2/10 - (-203)/b?
6
Let s = 337 + -239. Let r = -69 + s. What is the tens digit of r?
2
Let k(w) = 3*w**2 - 6*w + 4. Let g(c) = -5*c**2 + 11*c - 8. Let q(v) = -4*g(v) - 7*k(v). What is the units digit of q(-3)?
1
Suppose -5*x + 146 + 74 = 0. What is the units digit of x?
4
Let c(z) = z**2 - 4*z - 6. What is the units digit of c(-5)?
9
Suppose -4*q = 33 + 27. Let m = -10 - q. What is the units digit of m?
5
Let p = -95 - -197. What is the units digit of p?
2
Suppose -m + 12 = 2*m, -3*a - 180 = -3*m. Let x = 26 + a. What is the units digit of 12/9*x/(-4)?
0
Let k = 41 - 22. What is the units digit of k?
9
Let r = 37 - 12. What is the tens digit of r?
2
Suppose i - 4*o - 5 = 0, -2*o = -3*o. Suppose 4*r - 13 = 2*g + 15, 0 = -i*g - 20. Suppose -5*d + 0 = -r*a + 15, -a = -2*d - 2. What is the units digit of d?
1
Let t(a) be the second derivative of 3*a + 1/6*a**4 - a**3 - 3*a**2 + 0. What is the units digit of t(5)?
4
Let v = -5 + 24. Let q = -9 + v. What is the units digit of (q/(-25))/((-1)/5)?
2
Let c(s) = -4*s - 1. Let f be c(-6). Let d = -15 - -20. Suppose -d*a = -17 - f. What is the units digit of a?
8
What is the tens digit of 6/21 + (-2)/28*-1382?
9
Suppose -3*u + 0*u = -24. Suppose c + 3*x = u, -4*x - 25 = -4*c - 9*x. What is the units digit of c?
5
Suppose 0 = -9*a + 7*a + 32. What is the units digit of a?
6
Suppose k + 3*l - 12 = 4*k, 3*k = 5*l - 18. Let p(a) = -17*a + 1. What is the units digit of p(k)?
8
Let f be ((-72)/(-2 + 0))/(-1). Let x = -17 - f. What is the units digit of x?
9
What is the hundreds digit of ((-904)/(-6) - 3) + (-4)/6?
1
Suppose d + 0*d + 9 = 2*c, 0 = -5*d + 3*c - 17. Let i(h) = -4*h. What is the units digit of i(d)?
4
Let v(r) = r - 3. Let k be